{"id":1142,"date":"2024-05-21T10:36:06","date_gmt":"2024-05-21T08:36:06","guid":{"rendered":"https:\/\/satcheu.be\/?page_id=1142"},"modified":"2026-03-24T10:29:32","modified_gmt":"2026-03-24T09:29:32","slug":"reserver-un-bateau","status":"publish","type":"page","link":"https:\/\/satcheu.be\/index.php\/reserver-un-bateau\/","title":{"rendered":"Reserver un bateau"},"content":{"rendered":"<div class=\"wpb-content-wrapper\"><p>[vc_row][vc_column][vc_column_text]<strong>Avis Important \u00e0 Nos Clients : Arriv\u00e9e Anticip\u00e9e Recommand\u00e9e<\/strong><\/p>\n<p>Nous tenons \u00e0 informer nos chers clients que, pour garantir une exp\u00e9rience optimale, il est n\u00e9cessaire d&#8217;arriver au moins 15 minutes avant l&#8217;heure de r\u00e9servation de votre bateau, surtout si vous avez command\u00e9 une planche repas ou une boisson.<\/p>\n<p>Cette avance nous permettra de pr\u00e9parer et de vous remettre votre collation \u00e0 temps, afin que vous puissiez prendre possession de votre bateau sans aucun retard et profiter pleinement de votre sortie sur l&#8217;eau.<\/p>\n<p><span style=\"color: #ff0000;\"><strong>ATTENTION<\/strong><\/span><\/p>\n<p>En cas de retard lors de la restitution du bateau, un forfait d&#8217;une heure suppl\u00e9mentaire au tarif de 40\u20ac sera appliqu\u00e9, \u00e0 r\u00e9gler imm\u00e9diatement sur place en liquide.<br \/>\n<strong>Le bateau est a restituer au maximum a 18H ! Donc si vous reservez a 17H, merci de ne prendre qu&#8217;une seule heure ! (A 16h, que 2h, etc&#8230;)<\/strong>[\/vc_column_text][vc_column_text][\/vc_column_text][\/vc_column][\/vc_row][vc_row][vc_column][vc_raw_html]JTVCYm9va2luZyUyMHJlc291cmNlX2lkJTNEMSU1RA==[\/vc_raw_html][\/vc_column][\/vc_row][vc_row][vc_column][vc_column_text]Le bateau est a restituer au maximum a 18H ! Donc si vous reservez a 17H, merci de ne prendre qu&#8217;une seule heure ! (A 16h, que 2h, etc&#8230;)<\/p>\n<p style=\"text-align: center;\"><a href=\"https:\/\/satcheu.be\/index.php\/conditions-generales-de-location\/\" target=\"_blank\" rel=\"noopener\">CLIQUEZ ICI pour votre les Conditions g\u00e9n\u00e9rales de location du bateau Le Satcheu<\/a><\/p>\n<p>[\/vc_column_text][\/vc_column][\/vc_row]<\/p>\n<\/div>","protected":false},"excerpt":{"rendered":"<p>[vc_row][vc_column][vc_column_text]Avis Important \u00e0 Nos Clients : Arriv\u00e9e Anticip\u00e9e Recommand\u00e9e Nous tenons \u00e0 informer nos chers clients que, pour garantir une exp\u00e9rience optimale, il est n\u00e9cessaire d&#8217;arriver au moins 15 minutes avant l&#8217;heure de r\u00e9servation de votre bateau, surtout si vous avez command\u00e9 une planche repas ou une boisson. Cette avance nous permettra de pr\u00e9parer et [&hellip;]<\/p>\n","protected":false},"author":1,"featured_media":0,"parent":0,"menu_order":0,"comment_status":"closed","ping_status":"closed","template":"","meta":{"footnotes":""},"class_list":["post-1142","page","type-page","status-publish","hentry"],"_links":{"self":[{"href":"https:\/\/satcheu.be\/index.php\/wp-json\/wp\/v2\/pages\/1142","targetHints":{"allow":["GET"]}}],"collection":[{"href":"https:\/\/satcheu.be\/index.php\/wp-json\/wp\/v2\/pages"}],"about":[{"href":"https:\/\/satcheu.be\/index.php\/wp-json\/wp\/v2\/types\/page"}],"author":[{"embeddable":true,"href":"https:\/\/satcheu.be\/index.php\/wp-json\/wp\/v2\/users\/1"}],"replies":[{"embeddable":true,"href":"https:\/\/satcheu.be\/index.php\/wp-json\/wp\/v2\/comments?post=1142"}],"version-history":[{"count":12,"href":"https:\/\/satcheu.be\/index.php\/wp-json\/wp\/v2\/pages\/1142\/revisions"}],"predecessor-version":[{"id":1266,"href":"https:\/\/satcheu.be\/index.php\/wp-json\/wp\/v2\/pages\/1142\/revisions\/1266"}],"wp:attachment":[{"href":"https:\/\/satcheu.be\/index.php\/wp-json\/wp\/v2\/media?parent=1142"}],"curies":[{"name":"wp","href":"https:\/\/api.w.org\/{rel}","templated":true}]}}